9045, 2*t - 9*b - 2151 = 2312. What is the remainder when t is divided by 84?
79
What is the remainder when 2482 is divided by (15 - (-276)/(-18))*-39?
12
Let h(t) = 3*t**3 - 38*t**2 - 102*t - 19. Calculate the remainder when 749 is divided by h(15).
21
Calculate the remainder when 79 is divided by 80 + (-4)/10*10/4.
0
Let q be -1 - -1 - (-90 + -28). Suppose -3*f - q = -4*d, 5*d - d + 4*f = 104. What is the remainder when 107 is divided by d?
23
Let n(w) = 391*w - 302. What is the remainder when n(9) is divided by 37?
35
Suppose 17*v - 3531 = 1263. Let t = 404 - v. What is the remainder when t is divided by 21?
17
Suppose -5*a + j = -0*j - 8, 2 = -4*a - 2*j. What is the remainder when 53 is divided by 16/64*(76 + 0)*a?
15
Suppose 0 = -3*v - x + 4, 0 = -8*v + 4*v + 2*x + 22. Suppose 4*t + w - 42 + 16 = 0, 0 = v*t + 4*w - 13. What is the remainder when t is divided by 1?
0
Let d(j) be the second derivative of j**5/20 - 7*j**4/12 - 31*j**2/2 - 24*j. Calculate the remainder when d(9) is divided by 9.
5
Suppose 4*o = -0*i - 2*i + 60, -3*o = -i + 40. Let g = 40 - i. What is the remainder when 31 is divided by (2/4)/(g/132)?
9
Suppose 0 = -i - 2*p + 10 + 23, -5*i + p + 88 = 0. What is the remainder when 5043 is divided by i?
8
Let v = 0 + 4. Suppose -224 = -4*p - 4*n, -p = 5*n - n - 53. Suppose p = -3*k + v*k. Calculate the remainder when k is divided by 15.
12
Let p = 8065 - 7609. What is the remainder when p is divided by 164?
128
What is the remainder when 592 is divided by (-12)/((-6 - (-180)/27)*(-9)/30)?
52
Suppose 0 = 5*y + 4*g - 341, 5*y - 234 = -2*g + 109. Calculate the remainder when 606 is divided by y.
54
Let i(p) = 2 + 4 + 4*p - 8*p**2 + 5*p**2 + 4*p**2. Let l be i(-2). Suppose -5*o - l + 27 = 0. Calculate the remainder when 19 is divided by o.
4
Calculate the remainder when 3570 is divided by (3472/(-140) + 25)/((-1 + 2)/95).
17
Let q be ((-39)/26)/((-6)/8). Suppose -y - 5*w - 6 = 0, -w - 18 = -3*y + q*w. Suppose -48 = -y*j - 0. Calculate the remainder when 57 is divided by j.
9
Let c(t) = -286*t + 13. Let g be c(6). Let l = g - -2397. Calculate the remainder when l is divided by 87.
85
Let b = -7504 - -4368. Calculate the remainder when b/(-21) + 15/9 is divided by 19.
18
Let l be (4 - 5) + (0 - -1). Suppose 3*g = -l*g + 42. What is the remainder when g is divided by -7*(-18)/63 + (-8)/32*-28?
5
Let s be 24/56 - (-23130)/(-70). Let o = 687 + s. Calculate the remainder when o is divided by 52.
45
Suppose -6*j - 13*j + 16656 = -7*j. Calculate the remainder when j is divided by 67.
48
Let k = 1301 + -1251. Suppose -2*l = 27 - 47. Calculate the remainder when k is divided by l.
0
Let x = 543 + -627. Let n = x - -358. Calculate the remainder when n is divided by 46.
44
Let t(h) = 5*h + 156. Let n be t(-31). Suppose i - 6 = 3. Suppose i = l - n. What is the remainder when l is divided by 4?
2
Suppose -549 = n + 4*n + 3*t, 335 = -3*n + t. Suppose -6*g - 41 - 757 = 0. Let y = n - g. What is the remainder when 52 is divided by y?
8
Let h(m) = -2*m + 36. Let y be h(15). What is the remainder when (-284)/(-6) - 1*(-5)/(-15) is divided by y + (-5 - -3 - 4/(-1))?
7
What is the remainder when 5 + (-4403)/34*-62 is divided by 47?
44
Let o = -5 - -27. Let z be (112/560)/((-19)/10 + 2). Suppose 4*t + 3*y - 29 = 0, -2*t - z*y - 7 = -23. What is the remainder when o is divided by t?
2
Suppose 0 = -p + 3*p - 38. Let l be 0/(12/(-18)*(0 - 3)). Suppose l = -25*z + 538 + 2287. Calculate the remainder when z is divided by p.
18
What is the remainder when (-1)/(15/(38700/(-6))) is divided by 146?
138
Suppose -5*r + 252 = 16*r. Calculate the remainder when (9/(54/r))/((-2)/(-167)) is divided by 4.
3
Let f(i) = 55*i + 5. Let n = 55 + -12. Let c = -14 + n. Calculate the remainder when f(2) is divided by c.
28
Let q be 712/(-24)*(18 - 0). Let u = 559 + q. Calculate the remainder when 98 is divided by u.
23
What is the remainder when (-25)/(-40)*(172/4 - 3) is divided by 6?
1
Let h = -9 + 14. Let m = h - 3. Suppose 0 = m*p + 8*p - 980. Calculate the remainder when p is divided by 33.
32
Suppose -2351 = -6*a - 2*a - 439. Calculate the remainder when a is divided by 116.
7
Let q(a) = a**2 - 31*a - 16. Let r be q(35). Suppose -5*d + 115 = 5*s, 0 = 5*s - 5*d + d - r. What is the remainder when 34 is divided by s?
10
Let q(c) = -c**2 - 9*c + 105. Let z be q(-21). Let p = -115 - z. Calculate the remainder when p is divided by 25.
7
Suppose 8 = -0*v - 4*v + 4*l, -14 = -2*v - 4*l. Let o(t) = 43*t. What is the remainder when o(v) is divided by 15?
13
Calculate the remainder when 710 is divided by (-16 + 1)*(-26)/52*1398/15.
11
Let p = 6607 - 6551. Calculate the remainder when p is divided by (168/(-7))/(-1 - 0).
8
Let q(r) = 20*r**2 + 23*r + 68. Let z(v) = 7*v**2 + 8*v + 23. Let g(b) = 6*q(b) - 17*z(b). Calculate the remainder when 68 is divided by g(-4).
18
Let z = 93 + -64. What is the remainder when -13*272/(-442)*(1 + 22/4) is divided by z?
23
Suppose 4568 = 8*f + 2584. Calculate the remainder when f is divided by 55.
28
Let d(k) = k**2 - 31*k - 44. Suppose -v = 2*v - 108. What is the remainder when d(34) is divided by v?
22
Let h be (-7 + 4)*2 - 0. Calculate the remainder when 70 is divided by (h/(-4))/(234/(-60) - -4).
10
Let b be 0 + 3/6*-8. Let t(g) = g**3 + 3*g**2 + 3*g - 4. Let s be t(b). Calculate the remainder when (s + 1)*(-16 - -15) is divided by 17.
14
Let h be -269*(-6)/(-18)*-3. Let q = h + -260. Calculate the remainder when 260 is divided by q.
8
Let f(y) = -304*y - 83. Calculate the remainder when f(-3) is divided by 52.
49
Let f = -95 - -96. Let z(s) = 6*s + 3. Let r = 18 + 0. Calculate the remainder when r is divided by z(f).
0
Let z(x) = 82*x + 76. Let i be z(-6). Let o = 441 + i. Calculate the remainder when 85 is divided by o.
10
Let y be ((-33)/5)/(5/25). What is the remainder when 129 is divided by 1/((-2)/12)*242/y?
41
Let b = 9055 + -2060. Calculate the remainder when b is divided by 212.
211
Suppose -2*s - 3*s = -20. Suppose 4*d = r + 4*r - 272, -s*d = 4*r - 196. What is the remainder when r is divided by ((-144)/20)/(48/(-120))?
16
Suppose 4*u + 5*n - 7 - 175 = 0, -u + 3*n + 37 = 0. Let o = -10 + u. Let l(c) = -11*c**3 - 2*c**2 + 2*c + 2. Calculate the remainder when o is divided by l(-1).
6
Let r = 79 - 75. Suppose -r*q = 20, w - 5*q = 18 + 14. Suppose -u - w = 5*n - 0, 2*n = -4. What is the remainder when 11 is divided by u?
2
Suppose 18*n = 28*n - 940. Let o = 94 - -88. What is the remainder when o is divided by n?
88
Suppose 2*v = 4*a + 2750, -10*a = -3*v - 7*a + 4116. What is the remainder when v is divided by 4?
1
Let b(q) = 9*q - 4. Let i(a) = 4*a**2 - 59*a - 42. What is the remainder when i(20) is divided by b(11)?
93
Let b(w) = 23*w - 5. Calculate the remainder when b(4) is divided by (304 - 79)*(-2)/(-10).
42
Let s = -5526 + 9366. Calculate the remainder when s is divided by 183.
180
Suppose 400 = 1516*l - 1500*l. What is the remainder when 1421 is divided by l?
21
What is the remainder when (24/(-44) + 20860/(-275))*(-5)/2 is divided by 57?
20
Let d(c) = 30*c**2 + 126*c - 5. What is the remainder when d(4) is divided by 102?
61
Suppose 2*y = 5*i - y - 1241, -2*i + 491 = -3*y. What is the remainder when 534 is divided by i?
34
Let j(i) = 31*i - 2954. Calculate the remainder when 15353 is divided by j(96).
19
Suppose 5*i = 2*k - 8, 3 = 2*k - 7*k + i. Let c(u) = -568*u + 4551. What is the remainder when (k - 5)/(-3) - -25 is divided by c(8)?
6
Let z be (-10)/(-15)*(-9)/2 + 7. Suppose -3*t + 28 = -5*c + 6*c, z*t - 30 = -5*c. Calculate the remainder when ((-19)/2)/(2/(-4)) is divided by t.
9
Let t be 13/6 + 10/(-60). Let m be 5/t*2*-1. Calculate the remainder when 99 is divided by (410/(-25) - (-3)/m)/(-1).
14
Let p(m) = 12*m - 16. Let k(r) = 6*r - 8. Let z(b) = 5*k(b) - 2*p(b). Let t = 101 - 24. Calculate the remainder when t is divided by z(4).
13
Let x be ((-6)/(-4))/(5/10). Suppose w = -x*h + 7*h + 6247, -3121 = 2*h - 3*w. What is the remainder when h/(-18) - (-2)/9 is divided by 22?
21
Let x be (-5 + 66/12)*(-2 - -14). Calculate the remainder when 51 + 0*x/(-54) is divided by 30.
21
Let u(m) = m**3 - 3*m - 13. Let h be u(-2). What is the remainder when 3594/(-12)*30/h is divided by 121?
115
Let s(d) = -94*d + 777. Calculate the 